- (-12)/c?
4
Let q(y) = -4*y**2 + 5*y - 6. Let h(i) = 3*i**2 - 6*i + 6. Let r(t) = -3*h(t) - 2*q(t). Let b be r(3). Let g = 18 - b. What is the units digit of g?
9
Let v(x) = -2*x + 52. Let s be v(22). Suppose s*u - 340 = 324. What is the units digit of u?
3
What is the hundreds digit of 3*2/(-2) - -420 - 2?
4
Suppose b - 7 - 2 = 0. Let w = b + 37. What is the tens digit of w?
4
Let m(i) = -i**3 + 10*i**2 + 10*i + 10. Let o be m(11). Let x be 1*(-1 + 24)*o. Let p = x - -32. What is the units digit of p?
9
Let d(u) = 13*u + 4. Let h(k) = 3*k - 1. Let g be h(1). Let c be d(g). Suppose 5*l = -2*q + c, 3*q + 2*l - 3 = 4*q. What is the units digit of q?
5
Let s(l) = -l - 4. Let v be s(-6). Suppose -18 - 106 = -v*q. What is the units digit of q?
2
Let t(h) = 1 + 9*h - 2*h + h. Suppose -12*q - 167 = -203. What is the units digit of t(q)?
5
Let t(s) = s**3 - 7*s**2 + 6*s - 1. Let z be t(6). Let k = z + 6. Suppose -2*v + 2*g - 3*g = -9, -k*g = -v + 10. What is the units digit of v?
5
Let k = 2 - -1. Suppose -j + k*j + r = 8, -16 = -4*j - r. What is the tens digit of (5 + 5)/(j/6)?
1
Suppose 30 = 4*z - 2*r, -2*z = -4*r + 2*r - 20. Suppose -4*u = -4*d - 1044, -z*u + 10*u + 3*d = 1345. What is the tens digit of u?
6
Let p(w) = -15*w - 6. Let g be 143/33 - 1/3. Let h(j) = -46*j - 17. Let y(d) = g*h(d) - 11*p(d). What is the tens digit of y(-1)?
1
Let m = 5 - 1. Let q = -1 + m. Let j = 6 + q. What is the units digit of j?
9
Suppose 7*d - 3*d - 24 = 0. Suppose d*u - 2*u = 12. What is the units digit of -2*3/(u/(-1))?
2
Suppose 35 = 5*w - 5*k, -3*k - 11 + 0 = -w. What is the hundreds digit of (-2)/(-15)*-3 - (-972)/w?
1
Let c be 1*0/(-1 - -3). Suppose c*a = -4*a + 124. Suppose a = 5*g + 2*d + 2*d, 0 = 3*g - 2*d - 23. What is the units digit of g?
7
Suppose -3*a - 14 = -2, 3*c - 2*a = 5273. What is the units digit of c?
5
Let i be 15/2*368/50*130. Suppose a + 22*a = i. What is the units digit of a?
2
Let c be (-6)/9*(-5 + 2). Let y(n) = 6 + 7*n**2 + 11*n - 9 - 13*n + 4. What is the tens digit of y(c)?
2
Let v(o) = -83*o - 29. What is the hundreds digit of v(-4)?
3
Suppose 5*p - 4*m - 10897 - 2877 = 0, 0 = 4*m + 4. What is the hundreds digit of p?
7
Let t = 17 + -19. Let g = t - -17. What is the units digit of g?
5
Let b = 446 + -135. What is the hundreds digit of b?
3
Let k(q) be the second derivative of q**3/3 + q**2/2 + q. Let p be k(2). Suppose -p*n + 13 = -57. What is the units digit of n?
4
Suppose 2*g + 680 = 2*b, -g + 43 = b - 305. What is the units digit of b?
4
Let b(l) = -l + 1. Let m(f) = 4*f**2 - 5*f - 2. Let z(q) = 2*b(q) + m(q). What is the tens digit of z(5)?
6
Let g = 1613 - 550. What is the tens digit of g?
6
Suppose -22*j - 65 = -1341. What is the tens digit of j?
5
Let a(p) = p**3 - 4*p**2 - 5. Let q be a(5). Suppose -q = -5*t - 70. Let o = t + 34. What is the units digit of o?
4
Suppose -3 - 7 = 2*q. What is the tens digit of (2/q)/(1/(-425))?
7
Let b be (4/10)/((-1)/(-5)). Suppose g = b*c + 104, -5*g = 3*c - 5*c - 560. What is the units digit of g?
4
Suppose -2*u + 2*k = -56, 2*k = -2*u - 3 + 59. What is the units digit of u?
8
Suppose -5*b - 4*r + 3376 = 0, -3*r = -b - 7*r + 688. What is the tens digit of b?
7
Let o(n) = 3*n**3 + 11*n**2 + 2*n + 32. Let a be o(14). What is the tens digit of (-1)/4 + 0 - a/(-64)?
6
Suppose -2*h = -3 - 9. Let p be (2 - h)*4/8. Let a = 22 - p. What is the tens digit of a?
2
Suppose -2*v - 6 = 0, 2*v + 9850 = 5*g - 4731. What is the thousands digit of g?
2
Suppose 3*j - 3562 = j. Suppose y - 2852 - 107 = -5*v, 3*v = -2*y + j. What is the units digit of v/15 + 12/20?
0
Suppose a + 2 = -0, 4*a = 3*k - 1544. What is the units digit of k?
2
Let f = 2144 + -1226. What is the units digit of f?
8
Let s(z) = 21*z**2. Let o be s(2). Suppose 2*a = 462 + o. What is the tens digit of a?
7
Let n(c) = -82*c - 130. What is the units digit of n(-6)?
2
Suppose -34 - 26 = 3*w. Let s = -26 + 64. Let a = s + w. What is the tens digit of a?
1
Let g = -113 - -220. What is the units digit of g?
7
Suppose 0*u = u + 4, -2*l + 2*u = -6. Let w be 54/l - (6 - 3). Let q = w - -119. What is the units digit of q?
2
Suppose 3*m - 9 = -b, 3*b + 9 = 2*m + m. Suppose -5*p - 5*u + 85 = 0, b = -2*p + 5*u + 20. Let y = p - 7. What is the units digit of y?
8
Let l = 51 + -28. What is the units digit of l*3*(-10)/(-15)?
6
Let n = -2621 - -8476. What is the thousands digit of n?
5
Let p(m) = -2*m**3 - 10*m**2 - 6*m - 12. Let y be p(-8). Suppose -12*i + y = -5*i. What is the tens digit of i?
6
Let x be (30/((-12)/4))/(-2). Suppose 0*g + 149 = g - x*l, l - 331 = -2*g. What is the tens digit of g?
6
Let l be 5 - (0 + -1 + 2). Suppose l*w - 4 = 2*w. Suppose -2 = -w*j + 6. What is the units digit of j?
4
Let p(i) = i - 7. Let t be p(5). Let s(u) = u**3 - 9*u**2 + 13*u + 14. Let c be s(7). What is the units digit of (t/4)/(c/(-182))?
3
Let y(p) = 5*p**3 + 31*p**2 + 45*p + 9. Let a(d) = d**3 + 8*d**2 + 11*d + 2. Let c(s) = 9*a(s) - 2*y(s). What is the tens digit of c(10)?
9
Let c be (-8 + -4)*(-3 + 1)/(-6). What is the hundreds digit of 117 - (c + (-1)/(4/(-32)))?
1
Let f(h) = 7*h**2 + 101*h + 15. What is the hundreds digit of f(-18)?
4
Suppose 20*a - 813 = 15*a - 4*m, -3*m - 477 = -3*a. What is the units digit of a?
1
What is the thousands digit of (-2)/11 + (-799929)/(-473)?
1
Let z = 1806 + 699. What is the hundreds digit of z?
5
Suppose -l - 2*l + 4*r - 1570 = 0, 0 = 4*l + r + 2125. What is the units digit of (1 - 0)/2 + l/(-4)?
3
Let c = 838 - 274. What is the tens digit of c?
6
Suppose -10*c + 169 = 529. What is the tens digit of (32/10)/(8/c)*-5?
7
Suppose -80 = -3*b - 29. Let x be (-66)/(-4) - b/(-34). Let w = x + 34. What is the tens digit of w?
5
Let k(f) = 6*f**2 - 3*f + 6*f - f + 2 - 4*f**2. Let q be k(-4). Let r = q + -16. What is the units digit of r?
0
Let z(i) = -4*i**2 + 25*i - 24. Let y(a) = -2*a**2 + 12*a - 12. Let s(q) = -9*y(q) + 4*z(q). Suppose -29 = -3*t - 8. What is the units digit of s(t)?
4
Let z be 4/12 + 35/3. Suppose -z*i = 7 - 19. What is the units digit of i?
1
Let p be (1/(-3))/(9/81). What is the tens digit of (106 - 1) + (-5 - p)?
0
Let q = -848 - -584. Let w be (24/(-2))/3 - q. Suppose 9*g - w = 5*g. What is the units digit of g?
5
Let a(v) = 10*v + 12. Let m(o) = o - 1. Let c(w) = a(w) + 8*m(w). Let z be c(3). Suppose q + 3*q + z = 2*h, 0 = -3*q - 9. What is the units digit of h?
3
Let n = -793 - -1133. Suppose -n = -2*k - 92. Let h = -88 + k. What is the tens digit of h?
3
Suppose 7*v - 43*v + 4464 = 0. What is the units digit of v?
4
What is the units digit of 1 + (-70)/98 - 5148/(-14)?
8
Suppose 0 = 6*r - 15*r + 2997. What is the hundreds digit of r?
3
Let g = -934 + 1386. What is the units digit of g?
2
Suppose -4*m - 12 = 4*h, -4*m + 0*m = 3*h + 10. Let p(g) = -22*g**3 - g**2 - 2*g - 1. What is the tens digit of p(m)?
2
Let m = 76 - 71. Suppose -m*x + 688 + 62 = 5*i, 2*x = 2*i + 320. What is the hundreds digit of x?
1
Suppose 0 = 2*p + 3*n - 39, -2*p + p + 2*n = -37. Let l = p - 27. Suppose 81 = 2*i + 3*y, -i + 42 = -l*y + 2*y. What is the units digit of i?
6
Let c be ((-1)/3)/(2/(-6)). Let x(v) = 2*v + 18. Let a be x(-9). Suppose a = 4*o - 99 - c. What is the units digit of o?
5
Let b(t) = -t**2 + 30*t + 1963. What is the tens digit of b(0)?
6
Let l = -5 + 10. Suppose -2*s - 1 = -l. Suppose -o - s = -4. What is the units digit of o?
2
Let v = -123 + 501. Suppose -9*f + 13*f + 736 = 4*k, 2*k + 3*f - v = 0. What is the tens digit of k?
8
Let o be -27 - 4/(4/(-3)). Let l = 1 + -7. What is the units digit of (-1)/l + (-236)/o?
0
Let x be 7*(-10)/(-245) - (-500)/14. Suppose -a = 3*t - 10, t - 6*t = 2*a - 18. What is the tens digit of x/10*30/a?
2
Suppose -4*i = -2*b - 2, -2*b - b - 13 = -i. What is the tens digit of (7 - 5)/(1/(-10)*i)?
1
Let h = -2940 + 8269. What is the tens digit of h?
2
Let m = -1097 + 1877. What is the hundreds digit of m?
7
Let p(t) = 29 + 14*t**2 + 105*t**3 + 8*t - 104*t**3 + 12. What is the hundreds digit of p(-13)?
1
Let v(p) = 2*p**2 - 18*p + 15. Suppose -9 = -2*j + 19. What is the units digit of v(j)?
5
Let x(n) = -1 - 14*n + 7*n - 3. Let s be x(-7). Suppose 0 = -r + 4*r - s. What is the units digit of r?
5
Let k(u) = 43*u**2 + 31*u + 125. What is the tens digit of k(-5)?
4
Suppose 4*s +